
10
Evaluate -2 + -2 + 2 + 1.
-1
Evaluate (2 - (3 - (7 + -1))) + -2.
3
Evaluate -6 - (-1 + (1 - 4)).
-2
Evaluate -2 - 7 - (-13 + 1 + 12).
-9
What is 7 + (11 - 23) + 8 + -1?
2
What is the value of 9 + -6 - -3 - 1?
5
Calculate 0 + 2 + -5 + -2.
-5
What is 1 - (3 + -1 + (-5 - -4))?
0
Calculate (-8 + 10 - 1) + 0 + 0.
1
9 - (19 + -13 - 3)
6
What is (0 + -1 - -1) + 5 + -4?
1
(0 - (1 - 1)) + 27 + -25
2
What is the value of (-3 - 6) + (11 - 4)?
-2
Calculate -1 - (10 + -4) - (2 + -6).
-3
0 - (-2 + 2 + 4) - -3
-1
What is the value of -3 - (4 + -11 + -2 - -5)?
1
(-5 + 7 - -3) + -2 + 5
8
Evaluate 0 + 1 + 1 + (-5 - 0).
-3
Evaluate (2 + -3 - -2) + -8 + 3.
-4
What is 3 + (-3 + 0 - 0)?
0
2 + -5 + 38 + -37
-2
What is -5 + -7 + 7 + (3 - -3)?
1
What is the value of -2 + -7 + 15 + -2 + -1?
3
What is -5 - (-5 + (-8 - -3))?
5
Evaluate -5 + 0 + -5 + 5 + 0.
-5
What is the value of 0 - -4 - (-4 - -4 - -4)?
0
What is -4 + 4 + -3 + -1 + 7?
3
Calculate -5 + 3 + 4 - 4.
-2
What is the value of (-58 - -48) + (15 - 0)?
5
What is -3 + 1 + -2 - (-10 - -3)?
3
Calculate -33 + 24 - (-5 - 0).
-4
Calculate -4 + (6 - (-4 - (6 + -8))).
4
Evaluate -5 + 8 + (1 - 2) + -3.
-1
Calculate -7 + 4 + (-5 - -7) + -2.
-3
Calculate (3 + 0 - 6) + 4 - 0.
1
-3 + (5 - 1) + 1
2
Evaluate 8 - (-6 + 3) - 5.
6
Evaluate (34 - 28) + 2 + -1 + -6.
1
What is the value of 31 - 28 - (4 - 2)?
1
What is the value of (-1 - 3) + (-11 - -15)?
0
Evaluate 2 + 0 - (4 + 0 - 4).
2
Evaluate -7 - (-13 + (4 - 1)).
3
What is (5 - 11 - -1) + 7?
2
What is -5 + -2 + (9 - 4 - -1)?
-1
What is the value of -1 + 3 + 1 + (-2 - -4)?
5
-1 + 2 - (-2 + 3)
0
What is the value of 3 - (1 - -5 - 2)?
-1
Calculate (1 + -13 - -5) + -9 + 16.
0
0 + -1 + 3 - 0
2
What is (-3 - (-5 + 0 + 5)) + 7?
4
2 - (7 - (4 - 1))
-2
-6 - (1 - (-6 - -9) - 10)
6
What is -1 + 0 + -8 + 8?
-1
11 - (-10 + 14 + 8)
-1
-8 - (3 + 0 + -6)
-5
Calculate -1 + -2 - (0 - -1).
-4
What is -31 + 28 - (-8 + -1)?
6
What is the value of (-5 - -2) + -1 + 2?
-2
What is -4 + (-2 - 4) + 14 + -14?
-10
What is 1 + (-5 - (1 + (-11 - -4)))?
2
What is 4 + 2 + 0 + -7?
-1
What is -5 + 7 + 4 + 6 + -16?
-4
Evaluate 5 + (-4 - 0) + 2 + -3.
0
Evaluate (-60 - -50) + (3 + 1 - -2).
-4
What is the value of (-2 + 14 - 5 - -6) + -5?
8
What is 9 - (-7 + 11 - 3)?
8
What is the value of (4 + -2 - 1) + 3 - 3?
1
14 - 19 - (0 - 1)
-4
What is (1 - (3 + (-5 - 0))) + -2?
1
What is the value of 3 + (-10 - (0 - -4 - 9))?
-2
Calculate (2 - 0 - (1 + -2)) + -2.
1
What is 4 - 5 - (3 + (1 - 4))?
-1
(-1 + 2 - 0) + (-54 - -59)
6
What is the value of 31 + -26 - (6 - 1)?
0
Evaluate 4 + 7 + -5 - 10.
-4
What is the value of (-5 - 6) + 5 - -24 - 8?
10
Evaluate (-1 - -7) + -7 + -3 - 4.
-8
What is -38 - -39 - (1 - -7)?
-7
Calculate 0 - (11 + (-7 - 1)) - 7.
-10
13 + -3 + 5 + -7 + 0
8
Evaluate -2 - (-2 + 6 + -1).
-5
What is the value of -4 + 3 + (5 - 10)?
-6
Evaluate 5 + (-4 - -7 - 11).
-3
6 + -1 - (19 + (-13 - -4))
-5
-2 + 5 + (-7 - -1)
-3
What is 11 + (-11 - 2) + 3?
1
Calculate -14 + (1 + -7 - (-17 - -4)).
-7
What is 6 + 4 + (-13 - -6)?
3
Evaluate 4 + (2 - (0 - -1)) - 2.
3
What is the value of -6 + 7 - -2 - (1 - -5)?
-3
-1 + (-2 - 3 - (2 + -3))
-5
Calculate 2 + (-3 - -7 - 11).
-5
Calculate 1 + 1 + (21 - 18).
5
Calculate (0 + -3 - -3 - -5) + 0.
5
(-2 - (3 + -2 + -4)) + 4
5
Evaluate -2 - 3 - (2 - 7).
0
1 + -1 - -5 - 8
-3
What is the value of (-5 - 0 - -9) + 2 + -5?
1
4 + -1 + -2 + (3 - 2)
2
What is the value of (-3 - (5 + -6)) + 5?
3
What is the value of 5 + 2 + -4 - 0?
3
Calculate 29 + -26 + (0 - (-3 - -1)).
5
What is the value of 11 - (4 + 8 - -5)?
-6
-1 + 3 + -1 + 3 + 1
5
Evaluate (3 - -2) + 7 + -1.
11
Evaluate 4 - ((-5 - -13) + -2) - 4.
-6
What is the value of -2 + (1 - (-1 - -5)) + 0?
-5
6 + -3 + 7 + (-6 - -1)
5
Calculate 14 + 4 + -9 - 4.
5
What is the value of (0 - (-4 + 4)) + 2 + -1?
1
Calculate -9 - (-10 + 11 + -13).
3
What is the value of -3 + 9 + (1 - 3)?
4
9 - (-2 + (1 - -4))
6
What is -5 + 6 + 3 - 3?
1
Calculate 8 + -11 + 1 + -1.
-3
What is the value of -3 + (-11 - -5) + 6?
-3
Evaluate (0 - 5) + 6 + -4.
-3
What is the value of -4 + -2 - (3 + -13 + 7)?
-3
0 + (-16 - -16) + 0 + -1
-1
What is 2 - -3 - (1 - (-1 - 2))?
1
Evaluate 1 + 1 - 0 - (16 - 17).
3
What is the value of 0 + 6 + (-14 - -7)?
-1
-4 - (3 - (1 + 2)) - -5
1
Evaluate -15 + (-4 - (7 + -23)).
-3
Evaluate 1 - (6 - 1 - 9).
5
Evaluate 5 + (4 - 5) - 3 - 4.
-3
Evaluate -3 + -1 + (4 - (13 + -4)).
-9
Calculate 26 + -28 - (-1 - -4).
-5
Calculate 4 - (-2 + (-1 - -7)).
0
-9 + 7 + (6 - (13 + -6))
-3
Evaluate (-11 - -29) + -13 + -2.
3
What is (2 - (-1 + 5) - -1) + 2?
1
Calculate (11 + -17 - -11) + (-1 - 1).
3
What is the value of (-37 - -40) + 0 + (0 - -3)?
6
Evaluate (-4 - ((5 - 1) + 0)) + 6.
-2
What is the value of 1 + (-8 + -1 - (4 - 9))?
-3
Evaluate -3 + (0 - 0) + 2.
-1
What is -4 - (-3 - -6) - (-5 - -2)?
-4
Evaluate 0 + (-2 + 4 - 1).
1
What is (23 + -10 - 28) + 24?
9
Calculate -1 + (0 - -7) + -3 + -4.
-1
Calculate (4 - (3 - (5 - 3))) + -8.
-5
-4 - (-2 + -14 + 7)
5
Calculate (4 - 10) + 0 + 11 + -14.
-9
What is the value of -3 - -4 - -2 - (1 - 0)?
2
What is (2 - 5 - 4) + 5?
-2
-7 - (1 + -4) - -5
1
1 + (0 - 4 - -4) - 4
-3
Calculate 72 + -83 + 5 + -2.
-8
What is 8 - 17 - (0 - 5)?
-4
Calculate -1 + 9 - (5 + (-9 - -9)).
3
What is the value of (-4 - (-9 + 11)) + 5?
-1
Evaluate 6 + (5 - -3) + -14 - 2.
-2
What is -2 - (4 + 7 + -13)?
0
Calculate -7 - (-3 + -2 + 6 + -1).
-7
Calculate -3 + (7 - (-2 + -2) - 3).
5
Calculate -4 - (-7 + 5) - -6.
4
What is 51 + -46 - (-3 - -3)?
5
Calculate -1 + -11 + 90 + -86.
-8
-1 - (5 - (11 + -11))
-6
What is 7 - (1 + 7 - 2)?
1
What is the value of (6 - (-10 + 12)) + -4?
0
What is -3 - (-3 + -4 + 1) - -2?
5
Calculate -3 + 4 - 1 - (-21 - -28).
-7
What is the value of -5 + (2 - (6 + -9 + 5))?
-5
What is (38 - 41) + 8 + (-3 - -1)?
3
What is 1 + (-2 - 0) + 2 + -1?
0
(-6 + -1 - (-2 - -1)) + 4
-2
What is -9 - -5 - (-2 - 1)?
-1
Evaluate -9 - (-5 + -13) - 12.
-3
Evaluate -4 - -5 - ((1 - -1) + 4).
-5
Evaluate 1 - 3 - (55 - 60).
3
6 - (2 - -2) - 1 - 5
-4
What is the value of 8 + (-8 - 2) + -14 + 17?
1
(-5 - -9) + (2 - 6)
0
What is the value of 2 + (2 - 2 - -1 - -3)?
6
Evaluate -3 + (4 - -2) - (-3 + 9).
-3
4 + -2 + 2 + 10 + -11
3
What is -5 - (-11 - (2 - 8) - -4)?
-4
What is the value of (1 - -1 - (9 - 8)) + -4?
-3
What is the value of (-9 - 1) + (18 + -34 - -18)?
-8
Evaluate -3 - -6 - (-2 + 1).
4
Calculate 1 + -9 + 4 + 12.
8
What is the value of -1 + 5 + (2 - 4) + 0?
2
What is the value of -1 + (-11 - (-15 - -6))?
-3
Evaluate 2 - (0 + (-3 - -2) - -8).
-5
What is the value of (-11 - 4) + -4 + 10?
-9
What is (-12 + -1 - (49 - 54)) + 7?
-1
Calculate (4 - (4 + 0)) + 0.
0
Calculate 7 + (2 - (-9 - -17)).
1
(4 - (13 - 15)) + 0 + -5
1
Evaluate 32 + -44 + (6 + 2 - 1).
-5
114 + -110 + (2 + 0 - -3)
9
What is the value of -5 + -12 + 19 + -8?
-6
Evaluate -1 + -4 - -15 - 5.
5
Calculate -11 - (-2 - 4) - (0 + -2).
-3
What is (8 - 6) + -1 + -5?
-4
Evaluate (4 + 0 - 5) + 3 + 1.
3
What is the value of -4 + -6 + 6 + 2?
-2
What is the value of 0 + 0 + 0 - -2?
2
What is the value of 25 + -9 + -6 + -17?
-7
What is 11 - 0 - (127 - 122)?
6
What is the value of (3 - 0) + (-3 - (2 - 5))?
3
What is the value of -1 + (4 + 4 - 4)?
3
-4 + 3 - -3 - 4
-2
What is the value of (0 - -6) + 265 + -275?
-4
(-4 - -16 - 6) + -7
-1
Calculate -22 + 12 + 6 + -1.
-5
What is 0 + 6 + 6 + -8 + -4?
0
What is -3 - -10 - 4 - -3 - 5?
1
Evaluate 8 - (5 + -5) - 15.
-7
Calculate 2 - (3 - (2 + 2)).
3
(-4 - -6) + 6 + -9 + 3
2
Calculate -3 + -3 + (-2 - -6 - 2).
-4
What is the value of 2 - (4 + -3) - -3?
4
Evaluate 14 + (-5 - -2) + -6.
5
What is the value of -6 + 0 - (8 - -9 - 15)?
-8
What is 3 + (8 - 10) + -4?
-3
What is the value of 1 - (4 + -4) - 6?
-5
What is -1 - -1 - (-8 + -2 - -8)?
2
4 + (-8 - 0) - -4
0
What is the value of -4 + (9 - 3) + 4?
6
What is (-4 - (-2 + -4)) + (-10 - -3)?
-5
What is the value of 3 + 3 + -10 - 4?
-8
-1 - 0 - (3 + -1 + -4)
1
Evaluate 0 + 4 - (8 + -2).
-2
What is -1 + (10 - -3 - 9)?
3
What is (-70 - -60) + -2 + 1 + 5?
-6
Evaluate -4 + (4 - 2) - 1.
-3
What is the value of -1 - 2 - (-3 - (-15 - -20))?
5
Evaluate -2 - (10 + -11 + -2 + -1).
2
What is the value of -6 + 1 + 1 - (1 + -5)?
0
5 - (1 - (4 - (0 + 3)))
5
Evaluate -4 + 3 + 7 - (-2 + 6).
2
Calculate 0 + (5 - 4) + 1 + -4.
-2
Calcul